*y + 7*d = 5*d - 4, y + 5 = d. Let b = 24 + -23. Let v be 68 + b + y + -3. What is the greatest common factor of v and 8?
8
Suppose -4*a = -3*w - a + 24, 3*w + 3*a = 12. Let q(r) = 4*r**2 - 701*r - 1766. Let i be q(178). What is the greatest common divisor of w and i?
6
Let t(a) = -a**3 + a**2 + 4*a. Let o be t(3). Let f be -2 - (o + -103) - 2. Calculate the greatest common divisor of f and 60.
15
Let t = -29 + 34. Suppose 0 = -2*v + 5*m - 2*m - 1, 0 = 2*v - t*m + 7. Suppose 8 = -v*c, -6*n = -n + 4*c - 22. What is the highest common factor of n and 60?
6
Suppose 0 = -4*a + 2*r + 70, 0 = 3*a + 3*r - 401 + 380. What is the highest common factor of 36302 and a?
14
Let s be -11 + (1 + 6 + -6)*1. Let a be (56/s)/((-82)/205)*2. What is the greatest common divisor of 140 and a?
28
Let g(s) = -2*s**3 + 0*s - 285 + 292 + 2*s + 3*s**3 - 4*s. Let m be g(0). Calculate the greatest common divisor of m and 413.
7
Let b be ((-84)/24)/((-49)/2044). What is the highest common divisor of 1314 and b?
146
Let r be -1800*(-195)/48*4. What is the greatest common factor of r and 130?
130
Let c = 391 + -376. Let l(t) = 23*t + 5. Suppose 5*n - 4*z = 9, -5*n + 7 = -z - 14. Let d be l(n). Calculate the greatest common factor of d and c.
15
Suppose 0 = -31*r - 34*r + 21775. What is the highest common divisor of r and 871?
67
Let w = -9585 - -15305. What is the greatest common divisor of w and 104?
104
Suppose -7371 - 9347 = -51*f - 602. Calculate the greatest common divisor of f and 132.
4
Let g = 227 - 132. Suppose 8*j - g = 97. Calculate the greatest common factor of j and 120.
24
Let m(i) = -i**3 + 18*i**2 + 16*i. Let c be m(16). Calculate the greatest common divisor of 66 and c.
6
Let b = 14 - 10. Let i be 6 + (2 - 3)*-1. Let t be (-14)/b*2*(-6)/i. Calculate the highest common factor of t and 4.
2
Suppose 0 = i + 4*i - 2*o - 70, 5 = o. Let w be (8/i)/(1 - (-22)/(-20)). Let v be (3/w)/(4/(-540)). Calculate the highest common divisor of v and 9.
9
Let v be 231/(30/40*(-24)/(-18)). What is the highest common factor of v and 33?
33
Let v = -14 + 38. Let u be -5 + 0 + (-4 - -273). Calculate the greatest common factor of v and u.
24
Suppose 3*p = 8*p. Suppose p = k - 3*k + 10. Let s = 11999 + -11954. Calculate the greatest common divisor of k and s.
5
Let h be 3/(1 + 2) + 459. Suppose -14*p = -18*p + 20. Suppose -p*m + 6*m = 2*f - 88, f = -3*m + 58. Calculate the highest common factor of f and h.
46
Let s = 43733 + -43634. What is the highest common factor of s and 5368?
11
Let z(y) = -232*y - 212. Let f be z(-6). Calculate the greatest common factor of f and 20.
20
Suppose 29 = 3*c - 511. Let y = 84840 + -84836. What is the greatest common factor of y and c?
4
Let a(g) = -2*g**2 + 103*g + 115. Let d be a(52). Suppose -72*u + 63 = -d*u. What is the greatest common divisor of 1 and u?
1
Let d be (-6)/(-69) - (-567424)/368. Let k = d + -886. Calculate the highest common divisor of 41 and k.
41
Suppose -91*b + 88*b = 0. Suppose 3*w + 2*v = 353, v + 5 = -b. What is the highest common factor of 11 and w?
11
Let l be ((-240)/64)/((-6)/16). Let n be (6/(-33) + (-1526)/77)*-2. What is the highest common divisor of n and l?
10
Suppose 617 - 177 = -8*t. Let o = t + 57. Calculate the greatest common factor of 58 and o.
2
Suppose 183*c = 188*c - 5. Suppose -c - 87 = -4*q. Calculate the highest common divisor of q and 6.
2
Let z be 138/9 - 18/(-108)*10. Calculate the greatest common factor of 2941 and z.
17
Let d be 23/((-3951)/180 + 22). Let n(j) = j**3 + 12*j**2 - 3*j + 6. Let y be n(-9). Calculate the highest common divisor of y and d.
92
Let n(s) = 9*s**2 + 10*s - 2. Let y be n(-2). Let i be 28/(-8)*(-24 + y). Calculate the highest common factor of i and 56.
7
Let n be (-7)/(14/6008) + 6 + -4. Let q = -1571 - n. Calculate the greatest common divisor of 27 and q.
27
Suppose 0 = 5*h + 20*r - 17*r - 200, -3*h + 2*r + 120 = 0. Calculate the highest common divisor of h and 264.
8
Suppose -3*r + 63 + 45 = 0. Let c(h) = -2*h - 14. Let u = -2 + -11. Let b be c(u). Calculate the highest common divisor of r and b.
12
Suppose -15*u = -16*u + 15. Suppose 0 = 4*j - 2*r + 186, -j - 3*j = -3*r + 191. Let v be (j/(-6))/(2/u). What is the highest common factor of 22 and v?
11
Suppose -11*g - 26*g = 12358. Let j be ((-64)/(-288) + g/45)*-5. Calculate the greatest common divisor of j and 972.
36
Let l(n) = 33*n - 3. Let p be l(20). Suppose 0 = -2*b + b + t + 213, 3*b - p = -3*t. Calculate the highest common divisor of b and 27.
27
Let s be ((-170)/150*-3 - 3)*385. What is the highest common factor of 374 and s?
22
Let h = 14 + -43. Let s = h - -34. Suppose 0 = -s*c + 8*c - 210. What is the greatest common factor of c and 10?
10
Let x = 196 + -115. Suppose 0 = -7*h + x + 269. Suppose -453 = -3*a - 78. What is the highest common factor of a and h?
25
Let h be (21087/1287)/(2/78). What is the highest common divisor of 13632 and h?
213
Suppose -46 = -8*b + 178. Suppose 5*j + 14 = 2*a, -9*a + 2*j = -11*a + 14. What is the highest common divisor of a and b?
7
Let t = 96 - 75. Suppose 9*j - t = 2*j. Let n be (12/8)/(j/558). What is the greatest common divisor of 31 and n?
31
Let r(q) = -q**3 - 4*q**2 - 13*q - 34. Let c be r(-6). What is the greatest common divisor of c and 928?
116
Let t(b) = -40*b - 11. Suppose -9 = -4*n - 1, -2*z - n = 0. Let w be t(z). Calculate the greatest common factor of 493 and w.
29
Let j = -17 - -21. Let l(r) = 2*r**3 - 6*r**2 + 2*r - 8. Let w be l(j). Let v(u) = 25*u + 202. Let z be v(-8). What is the highest common factor of z and w?
2
Let r = -8 - -17. Suppose -7*x + 151 = -59. Let s = 39 - x. What is the greatest common divisor of r and s?
9
Let u be 1560/48 + (45/(-6))/(-3). What is the greatest common factor of 1323 and u?
7
Suppose 5*i - 12 = 2*i. Suppose 2*w - 4*c + 133 = -5, 0 = -i*w + 2*c - 264. Let q = w - -72. Calculate the greatest common factor of 14 and q.
7
Let r(l) = -6*l + 22. Let j be r(4). Let v be 34/(-17)*j/(-4). Let h = 39 + v. Calculate the greatest common divisor of 95 and h.
19
Let y(b) = b**2 + 7*b - 27. Let i be y(-9). Let c(w) = -2*w**2 - 21*w - 11. Let x be c(i). Calculate the greatest common divisor of x and 128.
16
Suppose 0 = 58*f - 92*f + 8160. What is the greatest common factor of f and 1320?
120
Suppose 2*x = -4*m + 578, -2*x = 16*m - 15*m - 137. Calculate the greatest common divisor of 56 and m.
7
Suppose 3*w - v = -119 - 36, 3*w = -4*v - 130. Let s be w*(45/(-6) + 3). Suppose 18*y - 209 - 241 = 0. Calculate the highest common factor of s and y.
25
Suppose -66*b + 26*b + 34*b + 648 = 0. What is the highest common divisor of 16 and b?
4
Let h be -4*(-3)/(-18)*7*-6. Suppose -9*y + 2*y + h = 0. Suppose -80 = -5*v + u + 45, y*u = -20. Calculate the greatest common divisor of v and 60.
12
Suppose 2*r + 2*b - 18 = 0, 1 = -84*b + 83*b. Calculate the greatest common divisor of r and 34.
2
Let r = 110 + -88. Suppose -5*k = -4*k + 4*w - r, 5*k - 15 = -w. Suppose 20 = 5*b + 5*z, k*b - 4*z = -z + 13. Calculate the highest common factor of b and 35.
5
Suppose 53*g - 25280 = 1909. What is the highest common factor of g and 459?
27
Let a = -55 + 57. Suppose a*z + 4*l = 5*z - 106, -l - 37 = -z. Let g be (-76)/(-10) + z/(-70). Calculate the highest common factor of 7 and g.
7
Let w be 2 + ((2 - 5) + 6 - (-2 - 1713)). What is the highest common divisor of w and 129?
43
Let h = 38976 - 38800. Let v(b) = b**2 + 2*b + 7. Let g be v(-5). Calculate the greatest common factor of h and g.
22
Let x = -7804 - -7818. Let t(o) = 2*o. Let v be t(3). What is the greatest common divisor of x and v?
2
Let g = 68 - 64. Suppose -2*m = 4*w, -5*w - 10 = g*m + m. What is the highest common divisor of w and 29?
1
Let z = -7392 - -7596. Calculate the greatest common factor of 108 and z.
12
Let x(q) = q**3 - q**2 + 3*q + 2. Let v be x(0). Suppose v*h - 20 = -m, 4*m + 0*m + 5*h = 74. Calculate the greatest common divisor of m and 8.
8
Suppose -37*h = -6928 - 5337 - 11600. What is the greatest common divisor of h and 39?
3
Let u = -13600 - -13699. What is the greatest common factor of u and 3135?
33
Let h be 1242 - (3 - 0/(-3)). Let g = h + -825. Suppose 0 = 4*a - g + 158. Calculate the greatest common factor of 32 and a.
32
Let d = -20899 + 21001. Calculate the highest common fact